 v + u. Calculate the highest common divisor of 12 and m.
12
Let o(d) = 3*d**2 + 30*d + 12. Let m be o(-9). Let p(b) = 4*b + 128. Let i be p(m). Calculate the highest common divisor of 442 and i.
34
Let x be 9/((-18)/(-10)) - 1. Suppose -x*g + 12 = 0, 9*g - 46 = -b + 6*g. What is the highest common divisor of b and 148?
37
Suppose 2*c = 3*c - 2. Let n be (-154)/(-77)*(2 - (-1 - -2)). Suppose c*t + 0 + 2 = n*d, -4*t + 31 = 3*d. What is the highest common factor of t and 44?
4
Let p(u) = 679*u + 93. Let d be p(3). Calculate the highest common factor of d and 30.
30
Let i be -2 + (6 + -2 - 2). Suppose -2*n + 3*u + 20 = 0, -n + u + u + 12 = i. Suppose 331 = n*p + 139. Calculate the greatest common divisor of p and 32.
16
Let b = -1007 + 1475. Let k = 242 + -206. What is the greatest common factor of b and k?
36
Suppose -5*d - 30 + 5 = 0. Let r = 5 - d. Suppose -4*h + 154 = -2*a - 176, 4*a - 300 = -4*h. What is the highest common factor of r and h?
10
Let h be (-5)/((-15)/81)*(-231)/(-63). What is the highest common factor of 44 and h?
11
Suppose 743*g = 745*g + 5*l - 2, -5*g + 2*l + 34 = 0. Let j = -90 - -102. What is the greatest common divisor of g and j?
6
Let w(d) = 21*d**2 - 3*d + 12. Let c(a) = a**2 + 1. Let t(j) = -9*c(j) + w(j). Let o be t(-2). What is the greatest common factor of 95 and o?
19
Suppose 0*s = -18*s + 324. Suppose 220 + 410 = s*r. Calculate the highest common factor of r and 21.
7
Suppose -367*z - 351 = -3*m - 364*z, -3*z - 123 = -m. Calculate the greatest common divisor of m and 5073.
57
Suppose 0 = -2*c - 2*z + 524, -484 = -2*c + 2*z + 36. Suppose 0 = 3*t + 3*g - 105, 6*t = 9*t - g - 109. What is the highest common factor of c and t?
9
Suppose -p + 332 = 104. Suppose 4187*v - 45 = -f + 4183*v, -300 = -5*f + 5*v. What is the highest common factor of p and f?
57
Let s = -57 - -55. Let a be 2 + 72/1 - (s + -1). Suppose -5*u - 15 = -50. What is the greatest common factor of a and u?
7
Suppose 0 = 4*v - 4. Suppose -242 = -12*z - 230. Calculate the greatest common factor of v and z.
1
Let j be (0 + 4 - (-44)/(-12))*12. Suppose 2*b = j*b - 418. What is the greatest common factor of 57 and b?
19
Let b(k) = -14*k - 30*k + 0*k - 73 - 3*k**2 + 12*k - 24*k. Let i be b(-17). Suppose 5*x - 4 = 16. Calculate the highest common factor of i and x.
4
Let k(v) = -2*v**2 - 38*v - 40. Let j be k(-16). Calculate the highest common factor of 7 and j.
7
Let q(d) = d**3 - 9*d**2 + 11*d - 12. Let i = -4 - -12. Let h be q(i). Suppose 412*a = 1151 - 327. Calculate the highest common divisor of h and a.
2
Suppose 0 = 7*g - 66 - 1194. Calculate the highest common divisor of g and 1680.
60
Suppose -52*s = -44*s. Suppose -2*z + 47 = 5*u, z + 3*u - 23 = -s*u. What is the highest common divisor of z and 234?
26
Suppose -10*w = 2*w - 1620. Let t be ((-120)/3)/(-8 - (-6 + 0)). Calculate the greatest common factor of t and w.
5
Suppose 173*g - 11046 - 6254 = 0. Calculate the highest common divisor of g and 3725.
25
Let p = 30 + -14. Let x be (-16)/((-10)/(-105) - (-50)/(-84)). Calculate the greatest common divisor of p and x.
16
Let h(g) = g**2 + 4. Let y(s) = -s**3 - 14*s**2 - 14*s - 4. Let x(c) = -3*h(c) - y(c). Let p be x(-4). Calculate the highest common factor of 352 and p.
16
Suppose 40 = 5*x - 15. Let g(q) = -488*q**3 + 21*q**2 + 23*q + 2. Let v be g(-1). Let c = v - 411. Calculate the greatest common factor of x and c.
11
Suppose -11*b - 11*b = 6*b - 14952. Calculate the greatest common divisor of 2 and b.
2
Let r = -742 + 1078. What is the highest common factor of r and 144?
48
Let g(n) = -3*n + 7. Let j be g(-6). Suppose 5*h - 868 = -5*h + 1382. What is the greatest common factor of h and j?
25
Let o = 24979 + -23450. Calculate the highest common divisor of 88 and o.
11
Suppose -2*j - 361 = -4*j + 5*w, -j + 5*w = -193. Suppose 5*c - 34 - 26 = -4*o, -3*c = -3*o - 9. Calculate the highest common divisor of j and c.
8
Let k = -123 - -108. Let u = 17 + k. Suppose 40 = i + i + 5*d, 40 = u*i + 4*d. What is the highest common factor of 50 and i?
10
Suppose 3*h - 896 = -6*u + 2*u, 5*u + 20 = 0. Let l = -234 + h. What is the greatest common factor of 168 and l?
14
Let a = -1382 - -1388. What is the highest common factor of a and 36?
6
Suppose 3958*v = 3929*v + 174. Let i be 19/3 - 1/3. What is the highest common factor of v and i?
6
Suppose 0 = 1156*t - 1163*t + 70. Calculate the greatest common factor of t and 2040.
10
Suppose 5*w - 957 = 78. Let o(r) = -r**3 + 2*r**2 + 24*r + 7. Let j be o(-8). Let x be ((-2)/4)/(j/230 + -2). Calculate the greatest common divisor of x and w.
23
Suppose -289*p - 540790 = -2442337 - 600904. Calculate the highest common factor of p and 7.
7
Let m = 3048 - 2628. Calculate the greatest common factor of 1500 and m.
60
Suppose -3*c + 41 = 2*u, -7*u + 3*c + 109 = -3*u. Let y(x) = 3*x**3 - 8*x**2 - 13*x - 7. Let p be y(6). What is the highest common factor of u and p?
25
Suppose -g + 165 = -5*q, -3*q - 16 = 4*g + 106. Let f = q - -83. Suppose 2*o - 5*h = 17, -4*o + f = -0*o + 5*h. What is the greatest common divisor of o and 22?
11
Let r(y) = -5*y - 23. Let p(m) = 6*m - 2. Let o be p(3). Suppose o + 12 = -4*j. Let n be r(j). What is the highest common factor of n and 3?
3
Let t = 998 - 704. Let d = -96 + t. Calculate the greatest common divisor of 18 and d.
18
Let f = 6 - -17. Suppose -7*u + 19 = -f. Let c(h) = -h**3 + 6*h**2 + h + 8. Let v be c(u). What is the highest common divisor of v and 14?
14
Let r(i) = 5*i**2 + 10*i + 8. Let d be r(-1). Suppose -5*m = -5*n + 2145, -2*n + 680 = -d*m - 178. What is the greatest common divisor of n and 33?
33
Let i(o) = -199*o - 529. Let w be i(-3). Calculate the greatest common factor of 2788 and w.
68
Suppose -60*d + 74*d - 308 = 0. What is the greatest common factor of 913 and d?
11
Let i(k) = 34*k + 9. Let n(j) = 69*j + 19. Let u(x) = 5*i(x) - 2*n(x). Let z be u(-2). Let c = -33 - z. Calculate the highest common divisor of 32 and c.
8
Suppose 1162 = 4*g + 2*z, -z - 3*z = -3*g + 844. What is the greatest common factor of 960 and g?
96
Let a be (71/(-142))/(0 + (-4)/64). Calculate the highest common divisor of 54 and a.
2
Let m(l) = -2945*l - 3355. Let w be m(-7). What is the greatest common factor of w and 20?
20
Let x(y) = -87*y + 9695. Let m be x(111). What is the greatest common factor of m and 15960?
38
Let o be 13 - 22 - -1966 - (-1 + 6). Calculate the highest common divisor of 61 and o.
61
Suppose 14 = 5*k - 76. Let a(l) = -l**3 - 106*l**2 - 305*l + 556. Let y be a(-103). What is the greatest common divisor of k and y?
18
Let q = -6798 + 8156. Calculate the highest common factor of q and 140.
14
Let r = 34791 + -34404. Calculate the highest common factor of r and 9.
9
Let x(s) = -5*s**3 + 5*s**2 + 3*s - 1. Let p be x(3). Let k = 22 + p. Let m = 115 + k. What is the highest common divisor of 22 and m?
11
Let l(u) = -u**2 - 6*u + 9. Let b be l(-5). Suppose 20*g - 150 = b*g. Calculate the highest common divisor of 35 and g.
5
Let x(r) = 89*r + 269. Let j be x(-3). Let n be (-2)/(-2) - -32 - -3. What is the highest common divisor of n and j?
2
Let r be (-2)/3*(-456225)/50. What is the greatest common factor of 158 and r?
79
Let k = 1032 + -514. Let m = -416 + k. Calculate the highest common divisor of m and 340.
34
Suppose -5*p = -4*g - 30, 3*g = 5*p + 7*g + 10. Let j be (-39)/p*(-4)/6. Suppose 16 = 4*q - w - 4*w, q + w = j. What is the greatest common factor of 9 and q?
9
Let l(p) = -8*p**3 + p**2 + 2*p + 5. Let z be l(-3). Let t = z - 212. What is the greatest common divisor of 30 and t?
6
Suppose -154*i = -145*i - 2196. Suppose 3*a - a = 8, -5*a - 224 = -4*q. What is the greatest common factor of i and q?
61
Suppose 23*a = 3*i - 1408, -i - 4*a + 504 = -3*a. Calculate the greatest common factor of i and 900.
100
Suppose -3*g = -x - 8, 2*g + 15*x = 10*x - 6. Suppose c - 2*c + 25 = -g*f, f + 38 = 2*c. What is the highest common factor of 51 and c?
17
Let z be (-54)/(-10 + 1) - (-2)/(4/2702). What is the greatest common factor of 115 and z?
23
Let f(z) = -z**3 - 8*z**2 + z + 7. Let r be f(-8). Let i be (-1)/r*(408/4)/6. Calculate the highest common factor of i and 272.
17
Let s be (-1320)/(-100)*(-4675)/(-15). Calculate the highest common factor of s and 34.
34
Suppose -3*b - 4*p - 31